se -4*u - c*q + 162 = -61, 3*q + 107 = 2*u. Calculate the remainder when u is divided by 19.
17
Suppose c - 6 = 3*o, -c + 17 = 4*o - 3. Let i = -1 + c. Calculate the remainder when 32 is divided by i.
10
Let n be 6/4 + 3/6. Suppose -5*w = -5*a - 65, n*w - 5*a + 5 = 4*w. Calculate the remainder when 36 is divided by w.
6
Let y be (1 + 0)*(-5)/(-1). Let x = -4 + y. What is the remainder when x is divided by 1?
0
Let q = 14 - 5. Let r(x) = -x + 0*x + 0*x. What is the remainder when q is divided by r(-5)?
4
Suppose 0*q + 4*j = -q + 12, 2*q + 3*j - 29 = 0. What is the remainder when q is divided by 13?
3
Suppose m + m + 6 = 0. What is the remainder when 8/1*(3 + -1) is divided by ((-1)/m)/(2/36)?
4
Suppose 2*q - m - 48 = 0, 0 = 3*q + 14*m - 10*m - 72. Calculate the remainder when 91 is divided by q.
19
Let i(f) = f - 1. Let h be i(2). Let v(y) = 16*y**3 - y**2. Calculate the remainder when v(h) is divided by 8.
7
Let i(p) = 3*p**2 + 9*p + 2. Calculate the remainder when 95 is divided by i(-5).
31
Let m be 18*4/32*-4. Let o = m - -19. Calculate the remainder when 18 is divided by o.
8
Let r(g) = -g + 10. Calculate the remainder when r(-6) is divided by 5.
1
Let r be (1 + -2)*1 - (32 + -57). Suppose -3*s - 114 = -6*s. Let h = s - r. Calculate the remainder when 39 is divided by h.
11
Let m = 22 + 23. Let g be ((-16)/(-12))/(4/6). Suppose -4*h + g*f + 5 = -39, -3*h = 4*f - 44. What is the remainder when m is divided by h?
9
Suppose -4*l + 72 = 5*d, 0*d = -5*l - d + 90. What is the remainder when 69 is divided by l?
15
Let t = -1 - -4. Suppose -f - 53 = 5*r - 190, 0 = -2*r + t*f + 48. Calculate the remainder when r is divided by 7.
6
Let o(q) = -4*q**3 - 2*q**2 - 2*q - 1. What is the remainder when 53 is divided by o(-2)?
26
Suppose 5*s + 5*a + 30 = 0, -2*s - 2*s = -2*a + 6. Let g be (20/(-6))/(s/45). Suppose -g = -8*y + 3*y. What is the remainder when 29 is divided by y?
9
Let f be ((-40)/(-14))/((-2)/(-14)). Let x = 6 + f. Calculate the remainder when 51 is divided by x.
25
Suppose -7 = -5*s + 4*s. Let a be 10/(-35) - (-16)/s. Suppose u - 7 = -4*x, a*u + 1 = -4*x + 7. What is the remainder when x is divided by 1?
0
Suppose 25 - 262 = -3*b - 3*d, 4*b - 3*d = 344. Let g = 129 - b. Calculate the remainder when g is divided by 12.
10
Suppose 2*g = -2*g, 2*l - 3*g = 36. Calculate the remainder when 48 is divided by l.
12
Let c = 0 + 14. Calculate the remainder when 26 is divided by c.
12
Let c(z) = 2*z**2 + z + 4. Let l be c(5). Suppose 4*o + 0*f + f = 48, -3*o + 5*f + l = 0. Calculate the remainder when 37 is divided by o.
11
Let q = -17 + 21. Suppose 3 = q*v - 3*v. Calculate the remainder when v is divided by (-2)/7 - 32/(-14).
1
Let s be 9/(-6)*(8 - -2). Suppose 9*c = 7*c + 56. What is the remainder when c is divided by (s/6)/(2/(-12))?
13
Suppose 8*v - 177 = 5*v. Suppose -d = -3*q + 2*d + 9, 4*d = 4. Let l(z) = z**2 + z - 5. Calculate the remainder when v is divided by l(q).
14
Suppose 130 = 2*w + 3*w. Suppose -5*m = -34 - 36. Calculate the remainder when w is divided by m.
12
Suppose -5*j = -2*j. Suppose j = -4*i + 60 - 0. What is the remainder when 72 is divided by i?
12
Let v be (8*-1)/2 + 0. Let r = 18 - v. Calculate the remainder when r is divided by 8.
6
Let t = 45 + -31. Calculate the remainder when t is divided by (3 + 5)/(1 + 0).
6
Let z be (-311)/4 - (-9)/12. Let q = z - -112. Calculate the remainder when q is divided by 9.
8
Let u(n) = 5*n - 31. Let l(a) = a**3 - a + 2. What is the remainder when u(9) is divided by l(2)?
6
Let t be -1 - (0 - (0 + -1)). What is the remainder when 42 is divided by 21 + -1*(t - -1)?
20
Let h = 39 + -21. Suppose -11 = -q + h. What is the remainder when q is divided by 16?
13
Suppose -1 = -a, 0*m + a = -4*m - 163. Let h = -7 + 15. What is the remainder when (-2)/(-6) - m/3 is divided by h?
6
Let k(v) = v**3 - v**2 + 4. Let n be ((-35)/(-20))/(1/(-4)). Let w(c) = c**3 + 7*c**2 + c + 9. What is the remainder when k(0) is divided by w(n)?
0
Suppose -z = 4*z - 245. What is the remainder when z is divided by 13?
10
Let w be (3/(-2))/((-3)/(-30)). Let v = w - -32. Calculate the remainder when v is divided by 2 + 0 - 2 - -9.
8
Let f(x) = 3*x**3 + 3*x**2 - x + 1. Let r = -6 - -10. Let v = r + -2. What is the remainder when f(v) is divided by 12?
11
Let m(z) = -2*z + 2*z - z**3 + 2*z - z**2. Let n(x) = -x**3 + 6*x**2 + 2*x + 2. What is the remainder when m(-4) is divided by n(6)?
12
Let a = -10 - -14. Suppose k = -a*v + 11, -k + 0*v + 3*v - 10 = 0. Calculate the remainder when k/(3/(-177)*1) is divided by 20.
19
Suppose -3*z + 305 = 5*g, 4*g = -5*z - 0*z + 244. Let d(n) = -n**3 + 6*n**2 - 5*n + 4. Calculate the remainder when g is divided by d(4).
13
Suppose -6 = 2*g - 5*g. Suppose g*l - 5*d - 11 = 0, 5*d = 3*l + d - 13. What is the remainder when l is divided by 2?
1
Let o = -3 - -3. Suppose o = k + 2*k - 66. Suppose 2*l - 22 - 2 = 0. Calculate the remainder when k is divided by l.
10
Let v = -56 + 108. Calculate the remainder when v is divided by 28.
24
Suppose 19*j - 18 = 13*j. Let d(z) = 2*z - 1. Let k be d(2). Suppose -t + 12 = k*t. Calculate the remainder when j is divided by t.
0
Let z be 2*(-2 - -5) + 0. Suppose -z = 2*x + 2. What is the remainder when (x/(-6))/(6/81) is divided by 5?
4
Let c = 35 - 23. Calculate the remainder when 35 is divided by c.
11
Let m(k) = 2*k + 15. What is the remainder when m(11) is divided by 14?
9
Let j = -3 + 5. Calculate the remainder when j/(-2) - (-29 - 0) is divided by 10.
8
Let h = 20 + -4. Let r(g) = 7*g + 4. Let l(y) = 7*y + 4. Let n(q) = 5*l(q) - 6*r(q). What is the remainder when n(-5) is divided by h?
15
Suppose -5*o + 2*o + 3 = 0. Let p(s) = 19*s - 1. Calculate the remainder when (-34)/(-3)*(10 - 7) is divided by p(o).
16
Let v = 8 - 4. Suppose 5*x - v*h = -7*h + 284, 5*x - h - 272 = 0. Calculate the remainder when x is divided by 19.
17
Let m(q) = 2*q - 2. Suppose -w + 3*w = -4*z - 2, 0 = w - 3*z - 14. What is the remainder when m(w) is divided by 3?
2
Let n be 2*(12/(-2))/2. Let v be 10/3 - 4/n. Suppose 7*r = v*r + 42. What is the remainder when 26 is divided by r?
12
Suppose -3*t + 3 = -2*t - 5*c, -3*c - 6 = 0. Calculate the remainder when 3 is divided by 2/t + 48/21.
1
Suppose -4*m + i + 212 = -3*i, 5*m + i = 235. Calculate the remainder when m is divided by 17.
14
Suppose -35 = -3*k - 4*y, -5*y - 2 + 7 = -4*k. Suppose 68 = k*j - 3*j. Suppose 0*s + 60 = 5*s. What is the remainder when j is divided by s?
10
Calculate the remainder when 6/5*90/4 is divided by 14.
13
Let w(s) = s**3 + 4*s**2 + 2*s - 2. Let z = 1 + -4. Let n = z - 0. Calculate the remainder when 1 is divided by w(n).
0
Let f(n) = 9*n - 9*n + 2 + 26*n - 1. Let k = 14 - -1. Calculate the remainder when f(1) is divided by k.
12
Let t = 127 + -43. Suppose -3*u + t = u. What is the remainder when (122/8)/(1/4) is divided by u?
19
Let b = 17 + -14. Suppose 7*s + 39 = 5*v + b*s, 3*v = -3*s + 45. What is the remainder when 32 is divided by v?
10
Suppose -q = 4*q - 5. Calculate the remainder when ((-2)/q - -2) + 36 is divided by 13.
10
Let n = -34 - -77. What is the remainder when n is divided by ((-66)/12)/(-2 - (-6)/4)?
10
Suppose -4*k = -0*y - 2*y + 30, -k = -3*y + 60. What is the remainder when y is divided by 4?
1
Let u(m) = m**3 - m**2 + 3*m - 3. Let n be u(2). Let t = n - 14. Let k(f) = f**3 + 8*f**2 + 2*f - 10. What is the remainder when 48 is divided by k(t)?
23
Suppose -s - 2*c = -0*s - 6, -3 = -s + c. Calculate the remainder when 5 is divided by (-10)/(-4) + s/(-8).
1
Suppose -3*f = -f + 3*v - 69, 4*v - 47 = -f. Calculate the remainder when f is divided by 14.
13
Let p(u) = -u**2 + 3*u. Let t be p(3). Suppose 3*o + f = -o + 8, t = 4*o - f - 8. What is the remainder when 27 is divided by (7/o)/(2/4)?
6
Let o be 3/((-1152)/(-380) - 3). Suppose 5*z - o + 40 = 0. Let l = -5 + 9. What is the remainder when z is divided by l?
3
Suppose 155 + 79 = 3*n. Calculate the remainder when n is divided by 21.
15
Let b = -4 + 6. Suppose -5*h + 66 = -b*h. Let c(g) = 5*g - 2. What is the remainder when h is divided by c(2)?
6
Let o(f) = 7*f - 148. Let i = 22 - 16. What is the remainder when o(25) is divided by i?
3
Suppose 2*w + 0*w - 16 = 5*d, 0 = 2*w + 3*d. Let n(x) = 3*x - 7. Calculate the remainder when n(5) is d